 5
Suppose -3*z = 2*z + 15. Let d = -60 + 60. What are the prime factors of z/1 + 8 - d?
5
Let u = -1 - -3. Let n be (-111)/(-6) + 3/u. Suppose -2*t + n + 68 = 0. What are the prime factors of t?
2, 11
Let d(o) = o**2 + o + 41. Let t = -3 + 8. Suppose 0 = 3*k + u - 4, -20 = -t*k + 4*k - 5*u. What are the prime factors of d(k)?
41
Suppose 1219 = 2*u + 215. Let z = u + -336. List the prime factors of z.
2, 83
Suppose -o - 2*b + 5*b = 8, 0 = 3*o + 2*b + 46. What are the prime factors of 283/2 + 21/o?
2, 5, 7
Let x(d) = -d**2 - 6*d. Let p = -1 + 4. Suppose 27 = -3*q - p*g, 4*g = 3*q + 3*g + 7. What are the prime factors of x(q)?
2
Let k(b) = b**2 - 7*b. Let z be k(8). Suppose -z*c = -13*c + 530. What are the prime factors of c?
2, 53
Suppose -5*d - 13*d = -3690. What are the prime factors of d?
5, 41
Suppose 3*s = 2*y - 0*s - 2770, 0 = -5*y - 4*s + 6971. List the prime factors of y.
13, 107
Let j(k) = 8*k**2 + 4*k - 35. What are the prime factors of j(-9)?
577
Suppose -6*z + 631 = -245. Suppose -2*o + 5*r + 43 = 0, -o + 2*r = -5*o + z. List the prime factors of o.
2, 17
Let g = 38 - 25. Let r(j) = -j + 15. Let u be r(g). What are the prime factors of u/4 + 198/12?
17
Let t be ((152/(-3))/(-8))/((-1)/(-6)). Suppose 25*p = 24*p + t. What are the prime factors of p?
2, 19
Let z be -3 + -1 + 1 + 0. What are the prime factors of (z - 0) + 2 + 59?
2, 29
Suppose -3*o + 0*o + 2*v = -25, 0 = -o - v. Suppose -2*j + 191 = o*q, 4*q = -7*j + 3*j + 388. List the prime factors of j.
2, 7
Let m be 0 + (-1 - 2*-14). Let c be (m/6)/(3/6). Suppose a - c - 9 = 0. List the prime factors of a.
2, 3
What are the prime factors of (7 - -19)*25 - -7?
3, 73
Suppose -g - 19 = 5*x - 2*g, -x - 23 = -5*g. Let c be (x/2)/((-1)/12). Let b = 48 + c. What are the prime factors of b?
2, 3, 11
Let u(f) = 3*f**2 - 8*f - 66. List the prime factors of u(-19).
7, 167
Let n(f) = -2*f - 55. Let c be n(-28). Let o(s) = 94*s**2 - 2*s + 2. List the prime factors of o(c).
2, 47
Suppose 9*f - 2 = -11. Let k be -2*38/(-12)*3. Let c = f + k. List the prime factors of c.
2, 3
Suppose 0 = -75*i + 108693 + 71757. What are the prime factors of i?
2, 3, 401
Let y(f) be the second derivative of -f**4/12 - f**3/3 + 113*f**2/2 - 13*f. What are the prime factors of y(0)?
113
Suppose -4*q = -16, c - 2*c - 3*q = -5. Let p(n) = -2*n - 10. Let v be p(c). What are the prime factors of -1 + 3 + 5*v?
2, 11
Let w(m) = -466*m**3 - 6*m**2 - 6*m - 2. List the prime factors of w(-1).
2, 29
Suppose 0 = 896*k - 895*k - 1080. What are the prime factors of k?
2, 3, 5
Let c = 399 + -107. Suppose -2*j - c = -6*j. List the prime factors of j.
73
Let l = -88 - -124. Suppose 4*x - 3*g + 89 = 0, -75 = 3*x + 4*g - 2. Let v = l + x. What are the prime factors of v?
13
Suppose 5*d + 0*d = 30. Let u(b) be the second derivative of 5*b**3/6 + 4*b**2 - 11*b. List the prime factors of u(d).
2, 19
Suppose 2*o + 2*q = 76, 5*q - 58 = 4*o - 5*o. Let u = 68 + o. Suppose 5*v - 49 = u. List the prime factors of v.
2, 3, 5
Suppose -5*i = -4*z + 10 + 32, 3*i + 34 = -2*z. Let b = -8 - i. Suppose -b*r + 2*y + 17 = 5*y, -2*y + 26 = 5*r. List the prime factors of r.
2
Suppose -5*c + 235 = 5*x - 0*x, 22 = x - 4*c. Suppose -10 = -z - p, p - x = -4*z - 4*p. List the prime factors of (-4 + z)*(-10)/(-8).
5
Suppose -u - l + 6 = 0, l + 4 = -3*u + 4*u. Suppose 0 = u*t - t. Suppose t = 5*w - 10. List the prime factors of w.
2
Let o = 557 + -174. List the prime factors of o.
383
Let m = 4 + -2. Suppose -m*s + 0 + 12 = 0. What are the prime factors of s?
2, 3
Suppose 250 = 5*m - 0. Suppose -2*d + m = -2*x, -d = -0*d + x - 35. List the prime factors of d.
2, 3, 5
Let n = -8 + 8. Suppose -7 = -3*r - g, n*r = -r + g + 1. Suppose -r*x - x + 27 = 0. What are the prime factors of x?
3
Suppose -3*n - 2 = -n. Let b be n*(3 - 3) + -46. Let y = 77 + b. List the prime factors of y.
31
List the prime factors of (738/(-54))/((-2)/((-120)/(-2))).
2, 5, 41
Suppose q - 49 = 77. Suppose -i = 8*i - q. List the prime factors of i.
2, 7
Let o(b) = 2*b**2 + 10*b. Let h be o(-8). Let p be (-51)/(-8) + h/(-128). List the prime factors of ((-212)/p)/(8/(-12)).
53
Suppose 4*f + 10 = -138. Let x = f - -65. List the prime factors of x.
2, 7
Let u be (7 - (221 + -7))*4/(-6). Suppose 0 = -2*x + 2*o + 144, -3*x + x + 4*o = -u. List the prime factors of x.
3, 5
Suppose -10*h = -5 - 15. Suppose -2*q + h*b - 356 = -4*q, 0 = -2*q - 4*b + 350. List the prime factors of q.
181
Let s be 1 + 734/(-18) + (-10)/45. Let n = s - -57. What are the prime factors of n?
17
What are the prime factors of (-198)/165 + 311/5?
61
Let f = -15 - -10. Let v(z) = z + 5. Let a be v(f). Suppose a = -u + 2, -2*d - u + 5 = -15. What are the prime factors of d?
3
Let x = -80 - -215. Suppose x = 4*s - 0*k + k, s - 24 = 3*k. List the prime factors of s.
3, 11
Let p(m) = 3*m - 10. Let q be p(10). Let t be 15/(-25) - (-72)/q. Suppose 0 = t*x - z - 164 + 13, -4*x + 183 = -5*z. List the prime factors of x.
2, 13
Suppose -4*j - 89 - 231 = 0. Let v = 52 - j. List the prime factors of v.
2, 3, 11
Let c = 85 - 147. Let q = -37 - c. What are the prime factors of q?
5
What are the prime factors of ((-76)/24 + 3)*2*-1239?
7, 59
Let l be 23/(-6) - (-12)/(-72). Let j be (l/12)/((-1)/(-21)). List the prime factors of 20 + 0/(3 + j).
2, 5
Let x(k) = -k**2 + 15*k - 16. Let b be 201/12 - 3/4. Let o be x(b). Let h = 64 + o. What are the prime factors of h?
2
Suppose 36*d - 13*d = 40480. What are the prime factors of d?
2, 5, 11
Suppose -3*j = -k + 1, 20 = -k - 3*k. Let c(l) = -l**2 - 4*l + 1. Let d be c(j). Suppose -156 = -d*v - 66. What are the prime factors of v?
2, 3
Let w(o) be the first derivative of -25*o + 3/2*o**2 + 8. List the prime factors of w(15).
2, 5
Let b = -505 - -919. Suppose -2*h - 5*f + b = 0, -h + 2*f = 7*f - 217. List the prime factors of h.
197
Let g(z) = z**3 - z**2 - 8*z + 11. Let y be g(5). Let d = y - -46. What are the prime factors of d?
3, 13
Suppose 8695 + 2509 = 4*o - 3*x, -5*x = 3*o - 8374. List the prime factors of o.
2, 1399
Let q(w) = w**2 - 2*w + 432. List the prime factors of q(-41).
5, 439
Let k(i) = 7*i + 23. What are the prime factors of k(4)?
3, 17
Let a(h) = -12*h + 3 + 6*h - 4*h + 2*h**2. Let d be (14/(-6))/(3/(-9)). What are the prime factors of a(d)?
31
Suppose 9*l - 7694 + 782 = 0. List the prime factors of l.
2, 3
Let i(q) = 8*q**3 - 10*q**2 + 4*q + 1. Let c be i(5). Suppose -27 = 3*a - c. What are the prime factors of a?
2, 31
Let y = -259 + 415. What are the prime factors of y?
2, 3, 13
Suppose 4 - 6 = -l. Let w be (1 - 3)/(l/33). Let s = 47 + w. List the prime factors of s.
2, 7
Let z be 1/((4/(-44))/(4 + -5)). Suppose 2*j - z*j = -2160. List the prime factors of j.
2, 3, 5
What are the prime factors of 7934/12 + 266/(-228)?
2, 3, 5, 11
Let a(i) be the first derivative of i**4/2 - 2*i**3 + 3*i**2 - 3*i - 6. List the prime factors of a(3).
3, 5
Let l(d) = -d**2 + 15*d - 5. Let q(g) = -g**3 + 8*g**2 - 6*g - 4. Let x be q(6). Let p be (40/x)/((-1)/(-8)). What are the prime factors of l(p)?
3, 5
Suppose 117*m - 88*m - 11948 = 0. List the prime factors of m.
2, 103
Let b(v) = 15*v - 15 - 6 - 21*v**2 + 2 - 15*v**3. Let l(h) = -7*h**3 - 10*h**2 + 7*h - 9. Let r(c) = 6*b(c) - 13*l(c). What are the prime factors of r(-4)?
7
Suppose -3*y = -13*l + 17*l - 6, 3*l - 9 = -3*y. Suppose x - 9 = 4*x. List the prime factors of x/y*19*-2.
19
Suppose -3*x - 2*x - 3*c - 613 = 0, -266 = 2*x - 4*c. Suppose -2*u - 3*u - 3*t = 431, 100 = -u + 4*t. Let w = u - x. List the prime factors of w.
37
Suppose -5*g - 4*b = -43, g = 2*g - 3*b - 1. List the prime factors of g.
7
Suppose -5*u + 15 = 5*p - 0, 2*u + 1 = 5*p. Suppose -4*b = h - 31, 2*b + u = 3*h + 7. Suppose 3*k + 144 = b*k. What are the prime factors of k?
2, 3
Suppose 3*t + w - 8 = 1, 2*t + 4*w = 16. Suppose 2*y + t = 10. List the prime factors of (-3 + y)/(2/118).
59
Let w be (-4)/((-7)/(28/8)). Suppose 0 = 5*v - 2*n - 16, v + n + 2 = w*v. Suppose -y = 4*h - 259, -v*h + 0*h + y = -261. What are the prime factors of h?
5, 13
Let v = 39 + 512. List the prime factors of v.
19, 29
Let b(q) = 3*q**3 + 14*q**2 + 4*q - 8. Let g be b(-8). What are the prime factors of (g/15)/((-2 + 3)/(-3))?
2, 17
Suppose -6*z + 2*z - 52 = 0. Let i = z + 3. Let a = -8 - i. Lis